o(-2).
19
Let f(c) = c**2 + 2*c + 11. What is f(0)?
11
Let s(t) = -2*t**3 - 6*t**2 - 9*t - 7. Give s(-3).
20
Let l(d) = -d**3 + 16*d**2 - 2*d + 26. What is l(16)?
-6
Let k(t) = 5*t**3 - 7*t - 5. Determine k(-2).
-31
Let g(w) = w**2 - 6*w - 4. Determine g(6).
-4
Let z(n) = 2*n + 32. Calculate z(-14).
4
Let l(i) = 2*i**2 + 2*i - 15. Give l(-5).
25
Let y(x) = 5*x - 7. Determine y(-6).
-37
Let p(v) = v**3 - 4*v**2 + 3*v - 3. Determine p(2).
-5
Let f(g) = g**2 + 16*g + 49. Give f(-12).
1
Let h(c) = c**2 - 7*c. Determine h(10).
30
Let l(w) = 3*w**2 + 7*w + 3. What is l(-5)?
43
Let c(o) = -o**2 - 4*o + 10. What is c(-7)?
-11
Let y(o) = -o**3 + 3*o**2 - 6. Calculate y(2).
-2
Let o(k) = 40*k + 641. Calculate o(-16).
1
Let o(v) = -v**2 - 2*v + 52. Give o(-8).
4
Let o(t) = -24*t + 2. Determine o(1).
-22
Let w(x) = -20*x**2 - 6*x + 5. What is w(1)?
-21
Let q(y) = -y**2 - 9*y - 8. What is q(-8)?
0
Let a(u) = 5*u**2 + 40*u - 9. Calculate a(-8).
-9
Let k(r) = -r - 10. Give k(-16).
6
Let w(i) = -2*i - 43. Determine w(-17).
-9
Let u(r) = r**3 + 6*r**2 - 6*r. Give u(-8).
-80
Let s(w) = 2*w**3 + 15*w**2 - 3*w + 13. Give s(-8).
-27
Let a(z) = z**2 - 14*z + 20. Give a(13).
7
Let s(o) = o - 63. What is s(6)?
-57
Let o(x) = x**3 - 23*x**2 - 23*x - 18. What is o(24)?
6
Let h(b) = -b**2 + 6*b + 7. Calculate h(6).
7
Let v(l) = -13*l + 80. What is v(6)?
2
Let n(l) = 46*l + 88. Determine n(-2).
-4
Let m(p) = 3*p**2 - 23*p - 3. What is m(7)?
-17
Let s(f) = f**2 + 4*f - 21. Determine s(-7).
0
Let c(z) = -11*z - 2. Give c(3).
-35
Let j(m) = -m + 20. Calculate j(-6).
26
Let l(g) = g**2 + 17*g + 6. Calculate l(-16).
-10
Let n(p) = -p**3 - 6*p**2 - 6*p + 2. Calculate n(-3).
-7
Let f(d) = -d**3 - 11*d**2 + d - 5. Calculate f(-11).
-16
Let y(j) = j**3 + 13*j**2 - 9. Determine y(-13).
-9
Let h(k) = -2*k**3 - 31*k**2 - 34*k - 18. Give h(-14).
-130
Let o(y) = -3*y - 36. Give o(-10).
-6
Let v(q) = -q**2 - 9*q - 5. Calculate v(-7).
9
Let h(a) = -15*a**2 - 5*a + 5. Determine h(2).
-65
Let h(i) = -i**2 - 12*i + 15. Give h(-13).
2
Let l(x) = -3*x**2 + 7*x - 15. Calculate l(3).
-21
Let w(q) = -q**3 + 18*q**2 - 14*q - 50. Calculate w(17).
1
Let p(g) = 13*g + 3. Calculate p(-4).
-49
Let x(v) = -2*v - 25. Give x(-15).
5
Let l(o) = o**2 - 8*o + 5. Give l(7).
-2
Let n(i) = i + 13. What is n(-18)?
-5
Let s(c) = -3*c**3 + c**2 + 4. What is s(-3)?
94
Let f(c) = 2*c + 3. Determine f(-7).
-11
Let m(f) = -f**2 - 2*f - 7. What is m(0)?
-7
Let v(s) = s + 4. Give v(17).
21
Let b(g) = -5*g + 82. Give b(0).
82
Let o(t) = -13*t + 328. What is o(25)?
3
Let d(g) = 49*g - 6. What is d(0)?
-6
Let n(k) = 2*k**3 + 6*k**2 - k - 9. Give n(-3).
-6
Let g(x) = -x**3 - 22*x**2 - 21*x - 6. Give g(-21).
-6
Let u(j) = j**3 + 5*j**2 - 3*j + 9. What is u(-7)?
-68
Let w(n) = -n**2 + 7*n. What is w(12)?
-60
Let c(r) = r**2 - 2*r + 7. Determine c(-5).
42
Let b(a) = -a**2 - 7*a - 12. Give b(-6).
-6
Let c(z) = z**2 + 19*z + 19. Give c(-14).
-51
Let c(t) = t - 11. Determine c(7).
-4
Let o(d) = -d**2 + 4*d. Determine o(5).
-5
Let f(c) = -c**3 - 17*c**2 + c - 16. What is f(-17)?
-33
Let f(x) = x**2 - 5*x + 2. Calculate f(5).
2
Let d(n) = -n**3 + 16*n**2 - 18*n + 49. Determine d(15).
4
Let m(t) = -t**3 - 4*t**2 + 8*t + 3. Determine m(-5).
-12
Let x(o) = -o**3 - 11*o**2 + 5*o + 12. Give x(-11).
-43
Let m(q) = 2*q**2 + 15*q + 11. What is m(-6)?
-7
Let f(g) = g**3 - 4*g**2 - 4*g - 11. Give f(5).
-6
Let c(j) = 5*j**2 + 3*j - 7. Calculate c(2).
19
Let u(h) = -h**2 + 4*h - 2. Give u(2).
2
Let w(x) = x**2 - 10*x + 9. Determine w(10).
9
Let h(n) = -n**3 - 2*n**2 - 5*n - 2. Determine h(-4).
50
Let l(u) = 10*u**2 - u - 1. Give l(2).
37
Let h(n) = 5*n - 1. What is h(-7)?
-36
Let a(x) = x**3 + 4*x**2 - 9*x - 9. Give a(-6).
-27
Let h(d) = -3*d**2 + 5*d - 5. Determine h(2).
-7
Let p(r) = 7*r - 21. Determine p(17).
98
Let q(r) = 2*r**2 - 14*r - 34. Calculate q(13).
122
Let v(k) = k**3 - 15*k**2 - 5. Calculate v(15).
-5
Let t(l) = l**2 + 3*l + 2. Calculate t(-4).
6
Let s(n) = n**2 - 7*n + 5. Determine s(-6).
83
Let u(t) = 3*t**2 + t + 1. Give u(-2).
11
Let q(o) = -o**3 + 4*o**2 + 3*o + 9. What is q(5)?
-1
Let w(i) = 8*i + 1. Determine w(-1).
-7
Let g(l) = l + 2. Calculate g(-8).
-6
Let m(i) = -i**3 + 15*i**2 - 7*i + 4. Calculate m(14).
102
Let q(i) = -21*i - 10. Determine q(-2).
32
Let y(a) = 2*a**2 - 4*a + 3. Calculate y(2).
3
Let n(z) = 4*z + 4. Determine n(0).
4
Let s(z) = 2*z. Calculate s(2).
4
Let x(n) = -318*n - 629. Determine x(-2).
7
Let m(o) = o**2 - 23. What is m(0)?
-23
Let k(o) = -o**2 + 26*o - 147. Calculate k(12).
21
Let i(c) = c**2 + 11*c + 27. Determine i(-7).
-1
Let r(c) = -c**3 + 4*c**2 + 5*c + 8. Calculate r(5).
8
Let j(p) = -p**2 + 15*p + 19. Give j(-6).
-107
Let k(m) = 3*m + 1. Give k(6).
19
Let o(t) = t**3 + 4*t**2 + 5*t + 13. Calculate o(-4).
-7
Let b(g) = 3*g**3 + 4*g**2 - 13*g + 10. Give b(2).
24
Let y(c) = -2*c + 7. Calculate y(4).
-1
Let q(f) = f**2 - 8*f + 3. Give q(5).
-12
Let l(j) = j**2 + 12*j - 30. Determine l(-14).
-2
Let u(f) = -6*f**2 - 2*f. What is u(-3)?
-48
Let s(o) = -88*o**3 - o**2 + o + 1. Determine s(-1).
87
Let k(b) = -b**3 - 10*b**2 + 5*b + 42. Calculate k(-10).
-8
Let d(r) = -r**3 - 40*r**2 - 45*r - 260. Give d(-39).
-26
Let h(l) = -l**3 + 6*l**2 + 2*l - 14. Determine h(6).
-2
Let t(s) = -s**2 + 26*s + 29. Give t(27).
2
Let x(a) = 2*a + 16. What is x(-6)?
4
Let s(w) = -w**3 - 7*w**2 + w + 7. What is s(-7)?
0
Let v(f) = 2*f**3 - 9*f**2 + 5. Determine v(4).
-11
Let v(b) = b**3 + 11*b**2 + 10*b + 8. What is v(-10)?
8
Let t(i) = -2*i**2 + 14*i - 41. Calculate t(7).
-41
Let o(a) = 4*a**2 - 81*a + 14. Determine o(20).
-6
Let p(v) = -v**3 - 2*v**2 - 21*v - 41. Give p(-2).
1
Let m(g) = g**2 - 10*g + 18. Calculate m(6).
-6
Let d(w) = -w**2 + 7*w + 5. What is d(-4)?
-39
Let j(y) = -5*y - 76. Calculate j(-18).
14
Let j(n) = n**2 - 56*n + 155. Calculate j(53).
-4
Let g(k) = 3*k - 1. What is g(0)?
-1
Let j(n) = -n**3 - n**2 - 19. Give j(0).
-19
Let b(c) = -c**3 + 3*c**2 - c - 9. Determine b(3).
-12
Let m(n) = n**2 - n - 5. Give m(-5).
25
Let r(h) = -2*h**2 - 5*h + 5. Give r(1).
-2
Let w(y) = -3*y + 9. What is w(4)?
-3
Let h(b) = -b**3 - 6*b**2 + 11*b - 1. Give h(-8).
39
Let j(q) = -q**3 - 20*q**2 - 25*q - 119. Determine j(-19).
-5
Let p(k) = 10*k + 110. Give p(-14).
-30
Let d(b) = -33*b**2 - 2*b + 1. Give d(1).
-34
Let f(g) = -2*g + 51. What is f(28)?
-5
Let a(w) = w**2 + 3*w. What is a(3)?
18
Let f(r) = r**3 + 7*r**2 + 2*r - 4. Give f(-6).
20
Let w(j) = -70*j**2 - j - 2. Calculate w(-1).
-71
Let b(i) = i**3 - 28*i**2 - 29*i + 8. What is b(29)?
8
Let h(n) = -16*n - 50. What is h(-4)?
14
Let q(l) = 2*l - 1. What is q(-3)?
-7
Let i(k) = -k**2 + 6*k + 3. What is i(5)?
8
Let n(a) = 3*a**3 - a**2 + a + 2. Give n(2).
24
Let a(m) = m**2 + 9*m + 11. Determine a(-11).
33
Let j(i) = 58*i**3 - i**2 - i + 1. Calculate j(1).
57
Let v(s) = 3*s - 14. Calculate v(3).
-5
Let s(f) = -f**3 - 5*f**2 + 52*f. What is s(5)?
10
Let n(w) = 29*w - 43. Give n(2).
15
Let b(w) = -7*w - 16. What is b(10)?
-86
Let o(l) = -88*l**3 + l**2 - l - 1. Calculate o(1).
-89
Let q(d) = -d**2 + 10*d - 4. Calculate q(9).
5
Let w(l) = -l - 28. Give w(0).
-28
Let b(f) = -f**3 + 65*f**2 + 69*f - 194. Give b(66).
4
Let a(m) = m**3 - 4*m**2 + 4*m - 2. What is a(3)?
1
Let g(z) = 12*z - 32. What is g(5)?
28
Let m(b) = -3*b**3 + 13*b**2 + 6*b + 4. Determine m(5).
-16
Let v(a) = -4*a**2 - 2*a + 9. Give v(0).
9
Let l(z) = -2*z**2 - 2*z - 3. What is l(-3)?
-15
Let w(c) = c**3 - 9*c**2 - 27*c + 22. Determine w(10).
-148
Let a(b) = -b**2 + 2. Calculate a(0).
2
Let w(i) = -i**3 - 11*i**2 - 14*i - 4. Give w(-10).
36
Let x(d) = -d. Give x(2).
-2
Let c(l) = -l**3 - 4*l**2 - 7*l - 4. Calculate c(-4).
24
Let s(l) = -l**2 - 23*l + 1196. What is s(-48)?
-4
Let j(k) = -k**2 + 8*k - 7. Calculate j(5).
8
Let x(j) = -15*j + 126. Calculate x(13).
-69
Let t(i) = 3*i**2 - i - 1. Determine t(-1).
3
Let l(t) = t**3 - 9*t**2 + 8*t - 2. Give l(8).
-2
Let r(z) = z**3 - 6*z**2 + 9*z + 2. Determine r(3).
2
Let g(a) = -7*a - 15. Give g(2).
-29
Let r(b) = -20*b - 72. What is r(-4)?
8
Let n(o) = -o**2 + 36*o + 202. Calculate n(-5).
-3
Let x(k) = k**3 + 14*k**2 - 3*k - 48. What is x(-14)?
-6
Let c(a) = 6*a - 16. Give c(7).
26
Let y(l) = l**3 - l**2 + 6*l - 13. Give y(2).
3
Let q(v) = v**2 